?
0
Suppose -4*f + 56 = -o + f, -25 = 5*f. Let s = 556 + o. Suppose 12*z + s = 1879. What is the tens digit of z?
1
Let g(j) = 9*j**2 + 60*j - 344. What is the tens digit of g(48)?
7
Let h(o) = o**3 + 4*o**2 - 5*o + 2. Let t be h(-5). Suppose 17*f - 26 + 26 = 0. Suppose 3*p = f, 0 = -x + t*p + p + 80. What is the tens digit of x?
8
Let d(o) = 7*o**2 + 11*o + 11. Let p be d(-11). Let q = -421 + p. What is the tens digit of q?
1
Suppose -1251303 = -1293*y + 1256*y. What is the tens digit of y?
1
Suppose 3*a + 283 = 5*t, 3*a + 3*t + 248 = t. Let f be (27 - (0 + 0))/(-6 + 273/52). Let r = f - a. What is the units digit of r?
0
Let k be 1/((-2)/5 + 93/225). Suppose k*f + 175 = 80*f. What is the tens digit of f?
3
Suppose 3*q - 3*n - 45336 = 0, 60439 = 6*q - 2*q + 5*n. What is the hundreds digit of q?
1
Let v = -300 - -304. What is the units digit of (v - (1 - -3))/2 + 1087?
7
Let o(p) = -p**3 + 6*p**2 + 16*p + 9. Let x be o(8). Suppose -10*n - x = 21. What is the units digit of (-2)/3*n - (2 - 171)?
1
Suppose 13*a - 44 = 697. Let h = a + -60. Let f(i) = 12*i**2 + 4*i + 7. What is the units digit of f(h)?
3
Let w be ((-50)/(-10))/((4/545)/4). Suppose -17*h - w = -8250. What is the tens digit of h?
2
Let j(p) = 831*p**2 - 27*p + 3. What is the hundreds digit of j(-2)?
3
Suppose 124*n + 3506783 = 9394923. What is the thousands digit of n?
7
Suppose 4*w = w + 7*w. Let m be -32*(w + 6/3). Let s = 14 - m. What is the tens digit of s?
7
Suppose r - 5*g = 11912, -986*r + 23857 = -984*r + g. What is the tens digit of r?
2
Let v = -349 - -349. Suppose 0*k - 6*k + 4110 = v. What is the tens digit of k?
8
Let l(x) = -2*x**3 - 109*x**2 - 43*x - 105. What is the ten thousands digit of l(-56)?
1
Let p = 16 + 4. Let t = 20 - p. Suppose t = -s + x + 1, -4*x + 6 = 2*s - 2*x. What is the units digit of s?
2
Let u(g) = -13*g - 13. Let m be u(-1). Suppose l = 2*p - 150, m = -p + 2*l - 3*l + 78. Suppose -2*q + 69 + 16 = j, 0 = j + 5*q - p. What is the tens digit of j?
9
Suppose 4188 + 2610 = 11*q. Let t = q - 299. What is the units digit of t?
9
Let p(i) = -2*i**3 + 20*i**2 + i - 10. Let h be p(10). Suppose 2*b + 20*k - 491 = 25*k, h = b + 3*k - 229. What is the hundreds digit of b?
2
Let f(h) be the third derivative of -13*h**4/6 - h**3/6 - 19*h**2. Let n be f(3). Let s = n - -276. What is the tens digit of s?
1
Let d(s) = s**3 - 30*s**2 - 47*s + 23. Suppose -4*c = 3*k - 113, 2*c + 3*k - 39 = -2*k. What is the units digit of d(c)?
7
Suppose -21*l + 886 = 4. Let o(c) = c**3 - 6*c**2 - c - 3. Let h be o(6). What is the units digit of ((-6)/4)/(h/l)?
7
Let k be (-21)/35 + (-7359)/(-15). Suppose 3*r - k = -5*d, 2*r + 5*d = 5*r - 470. What is the tens digit of r?
6
Let n be 2*(-3 + (-1 - -3)). Let x(v) be the first derivative of 3*v**3 + v**2/2 + 4*v + 823. What is the tens digit of x(n)?
3
Let h = 218 + -146. Let n(p) = p**3 - 7*p**2 - 7*p - 37. Let k be n(9). Let l = k + h. What is the tens digit of l?
3
Suppose -6*f - 36 + 306 = 0. What is the hundreds digit of 15890/f - (-1 - 20/(-18))?
3
Suppose 3*z + z = 0, 4*d - 2944 = -2*z + 7*z. What is the hundreds digit of d?
7
Let a = 282 - 92. What is the tens digit of 2/(-5) + 88046/a?
6
Let v(z) be the first derivative of z**3/3 - 3*z**2/2 + 78*z + 43. What is the tens digit of v(31)?
4
Let l be 1 + (-1 - 1) + -1606. Let z = -803 - l. What is the hundreds digit of z?
8
Let j = -21786 + 30730. What is the tens digit of j?
4
Suppose -y + 50 = y. Suppose u + 12 = 11. What is the tens digit of u - 6/(-10) - (-960)/y?
3
Suppose -25*x + 21*x - 5*d = -34096, -4*x + 34096 = -5*d. What is the hundreds digit of x?
5
Let p be -2*(0/(-2) - -1) + 2. What is the hundreds digit of (-4)/(p - 1/((-426)/(-4)))?
4
Let d = -694 + 1237. What is the hundreds digit of d?
5
Let a be ((-1)/(2/(-3)))/(33/(-352)). Let y be (a/(-32))/(2/724). Suppose f + f - u - 368 = 0, 2*u + y = f. What is the units digit of f?
5
Suppose 49 = 6*j - 155. Let z be j/(4/4 - -1). Let n = 56 - z. What is the units digit of n?
9
Let q(x) be the third derivative of 7*x**5/60 + x**4/8 + 5*x**3/3 + 2*x**2 - 28*x. What is the hundreds digit of q(-9)?
5
Suppose 2*a = 2*h - 4, -5 - 1 = -2*a. Suppose 906 = -s + 3*s. Suppose s = h*g - 692. What is the units digit of g?
9
Let f be (174/(-10))/((-11)/330). Let x = f + -287. What is the tens digit of x?
3
Let s = 19441 - 11736. What is the thousands digit of s?
7
Suppose -5*b + 31*b - 130 = 0. Suppose b*v - 935 = -3*u, -27*v + 3*u - 199 = -28*v. What is the hundreds digit of v?
1
Suppose -17*b + 4*b + 4*b + 123192 = 0. What is the thousands digit of b?
3
Suppose -2*w - 3*p - 24 = 0, -3*w - 2*w = -2*p + 22. Let m(a) = 19*a**2 - 2*a - 51. What is the units digit of m(w)?
5
What is the ten thousands digit of (19795/15)/(8/(-360)*-1*3)?
1
Suppose 2*g + 24 = t, -2*t - 2*t + 31 = 5*g. Let f = t + -10. Suppose -r - 133 = -f*c + 162, -5*c + 3*r = -374. What is the units digit of c?
3
Let g = -182 - -186. Suppose -3*c + 1807 = -g*y + 293, 976 = 2*c + 4*y. What is the tens digit of c?
9
Let s be 6/(-51) + (-28820)/(-187). Let p = 196 + s. What is the tens digit of p?
5
Let d(l) = -102*l**3 + 9*l**2 + 21*l - 94. What is the thousands digit of d(-8)?
2
Let p = -30 + 32. Let b(j) = 2 - 7*j**2 - 7*j**2 + 4*j**3 - 3*j + 12*j**2. What is the units digit of b(p)?
0
Let l(q) = -57*q + 49. Let x = -85 - -75. What is the units digit of l(x)?
9
Let r = -9685 + 9889. What is the tens digit of r?
0
Let x(k) = 155*k**2 + 21*k + 62. Let d be x(-3). Suppose 2*z - 507 = -5*y + 54, -5*z - 4*y + d = 0. What is the tens digit of z?
7
Suppose 2339 = -27*q + 9278. Let x = q + -111. What is the tens digit of x?
4
Let x(g) = -3*g**3 + 18*g**2 - 49*g - 984. What is the units digit of x(-21)?
6
Suppose 0 = j + 3*a - 17594, -3*j - 4*a + 19784 = -32983. What is the units digit of j?
5
Suppose -69*r + 1229120 = 91*r. What is the units digit of r?
2
What is the tens digit of (7 - 2184)/((-9)/63) - (6 - 1)?
3
Suppose 2388 = 13*u + 11202. Let d = u - -1037. What is the tens digit of d?
5
Let d(g) = 2*g**2 - 13*g - 65. Suppose 3*r = -9, -x + 4*r = 32 - 139. Suppose 0 = -x*k + 100*k + 50. What is the units digit of d(k)?
5
Suppose q - v - 43 = 0, -4*q - q + 2*v + 221 = 0. Let b = 41 - q. What is the tens digit of (49 + 5)/((-6)/b)?
3
Let g(k) = -266*k + 2665. Let v be g(10). Let f be 776/(2 - 0) + 0. Suppose f = 2*a - 3*d - 17, 0 = v*a - 2*d - 1029. What is the units digit of a?
7
Let l be (-102)/(-27) + -4 + 60/27. Let p(a) = -l*a**2 + 3*a**2 - 9 + 0*a**2 - 6*a. What is the tens digit of p(9)?
1
Let x(o) = -95*o + 40*o**2 - 23 + 2888*o**3 + o**2 - 2*o - 2887*o**3. What is the units digit of x(-43)?
0
Let m = 50 + -7. Suppose 4*l = a - m, -2*a - 145 = -5*a + 4*l. Let z = a - 6. What is the units digit of z?
5
Let p(s) = 51*s**2 - 455*s + 3. What is the hundreds digit of p(13)?
7
Let q = 92 + -93. What is the tens digit of 79 - (-11 - -7)*(-2 - q)?
7
Suppose -3*m - 6 = 0, 14*w + 2*m + 56074 = 19*w. What is the tens digit of w?
1
Let d be 42/8*(-3 + 80 + -1). Let n = 581 - d. What is the hundreds digit of n?
1
Suppose -4*f - g = -543, 290 = 3*f - 3*g - 136. Suppose -131*u - 3558 = -f*u. What is the units digit of u?
3
Suppose 6*x + 236 = -4. Let c be (50/x)/((-3)/12). Suppose 0 = -c*t - 5*t + 860. What is the tens digit of t?
8
Suppose -x = -73 + 61. What is the tens digit of 7818/x - ((-5)/2 + 2)?
5
Let u(s) = -s**3 - 5*s**2 - 9*s - 7. Let d be u(-3). Suppose -222 - 154 = -d*t. What is the hundreds digit of t?
1
Let s = 71 + -113. Let i = s - 34. Let h = -57 - i. What is the tens digit of h?
1
Let f be -3 + -4 + 5 + 766/(-2). Let p = -152 - f. What is the hundreds digit of p?
2
Let h = 363 - -1763. What is the hundreds digit of h?
1
Let k(r) = 419*r**2 + 103*r + 139. What is the tens digit of k(6)?
4
What is the tens digit of (27020/(-105))/((-426)/(-108) - 4)?
3
Suppose -5242630 = -62*k - 23*k. What is the ten thousands digit of k?
6
Suppose 2*g = -128 + 130. Let b be 108/(-30)*(g - (-489)/(-9)). Suppose 7*c - 10*c = -b. What is the tens digit of c?
6
Let n = -3244 + 8584. What is the tens digit of n?
4
Suppose 35263 = 62*g - 759. What is the tens digit of g?
8
Suppose -10 = -5*l + 3*l. Let h(c) be the third derivative of -c**6/120 + 7*c**5/60 + c**4/3 - c**3 + c**2 - 506.